{"id":225,"date":"2019-08-15T16:12:26","date_gmt":"2019-08-15T16:12:26","guid":{"rendered":"http:\/\/\/\/muench-4-club.de\/?page_id=17"},"modified":"2020-06-24T18:26:41","modified_gmt":"2020-06-24T18:26:41","slug":"event-dates","status":"publish","type":"page","link":"https:\/\/muench-4-club.de\/?page_id=225","title":{"rendered":"Veranstaltungen"},"content":{"rendered":"<p><div class=\"fusion-fullwidth fullwidth-box fusion-builder-row-1 fusion-parallax-none nonhundred-percent-fullwidth non-hundred-percent-height-scrolling\"  style='background-color: #07070a;background-image: url(\"https:\/\/muench-4-club.de\/wp-content\/uploads\/2020\/06\/Veranstaltungen-Teaser.jpg\");background-position: center bottom;background-repeat: no-repeat;padding-top:20%;padding-right:0px;padding-bottom:20%;padding-left:0px;-webkit-background-size:cover;-moz-background-size:cover;-o-background-size:cover;background-size:cover;'><div class=\"fusion-builder-row fusion-row \"><\/div><\/div><div class=\"fusion-fullwidth fullwidth-box fusion-builder-row-2 hundred-percent-fullwidth non-hundred-percent-height-scrolling fusion-equal-height-columns\"  style='background-color: #101015;background-position: center center;background-repeat: no-repeat;padding-top:0px;padding-right:0px;padding-bottom:6%;padding-left:0px;'><div class=\"fusion-builder-row fusion-row \"><div  data-animationType=fadeInUp data-animationDuration=1.0 data-animationOffset=100% class=\"fusion-layout-column fusion_builder_column fusion_builder_column_1_1 fusion-builder-column-0 fusion-one-full fusion-column-first fusion-column-last fusion-column-no-min-height fusion-animated 1_1\"  style='margin-top:0px;margin-bottom:0px;'><div class=\"fusion-column-wrapper\" style=\"padding: 40px 15% 60px 15%;background-position:left top;background-repeat:no-repeat;-webkit-background-size:cover;-moz-background-size:cover;-o-background-size:cover;background-size:cover;\"   data-bg-url=\"\"><div class=\"fusion-events-shortcode fusion-events-shortcode-1\" style=\"margin-left: -20px;margin-right: -20px;\"><div class=\"fusion-events-wrapper\" data-pages=\"1\"><div class=\"fusion-events-post fusion-spacing-no fusion-one-third fusion-layout-column\" style=\"padding:20px\"><div class=\"fusion-column-wrapper\"><div class=\"fusion-events-thumbnail hover-type-zoomin\"><a href=\"https:\/\/muench-4-club.de\/?tribe_events=dj-fusion\" class=\"url\" rel=\"bookmark\" aria-label=\"Weihnachtsstammtisch 2020\"><span class=\"tribe-events-event-image\" style=\"background-image: url(https:\/\/muench-4-club.de\/wp-content\/uploads\/2020\/06\/annaberg-buchholz-sachsen-weihnachtsmarkt.jpg); -webkit-background-size: cover; background-size: cover; background-position: center center;\"><\/span><\/a><\/div><div class=\"fusion-events-content-wrapper\" style=\"padding:20px 20px 20px 0px;\"><div class=\"fusion-events-meta\"><h2><a href=\"https:\/\/muench-4-club.de\/?tribe_events=dj-fusion\" class=\"url\" rel=\"bookmark\">Weihnachtsstammtisch 2020<\/a><\/h2><h4><span class=\"tribe-event-date-start\">4. Dezember  2020<\/span> - <span class=\"tribe-event-date-end\">6. Dezember  2020<\/span><\/h4><\/div><div class=\"fusion-events-content\"><p>Wir mussten den Weihnachtsstammtisch f\u00fcr dieses Jahr leider absagen. Immer mehr St\u00e4dte streichen die Weihnachtsm\u00e4rkte und eine geplante Werksbesichtigung kann aus bekannten Gr\u00fcnden ebenfalls nicht stattfinden. Eventuell wird bis zum Dezember auch noch ein Beherbergungsverbot ausgesprochen, sodass wir rechtzeitig reagieren mussten. So entstanden uns keine Stornierungsgeb\u00fchren, welche aber angefallen w\u00e4ren, h\u00e4tte wir noch l\u00e4nger gewartet.<\/p><\/div><\/div><\/div><\/div><div class=\"fusion-clearfix\"><\/div><\/div><\/div><div class=\"fusion-clearfix\"><\/div><\/div><\/div><\/div><\/div><\/p>\n","protected":false},"excerpt":{"rendered":"","protected":false},"author":1,"featured_media":0,"parent":0,"menu_order":0,"comment_status":"closed","ping_status":"closed","template":"100-width.php","meta":[],"_links":{"self":[{"href":"https:\/\/muench-4-club.de\/index.php?rest_route=\/wp\/v2\/pages\/225"}],"collection":[{"href":"https:\/\/muench-4-club.de\/index.php?rest_route=\/wp\/v2\/pages"}],"about":[{"href":"https:\/\/muench-4-club.de\/index.php?rest_route=\/wp\/v2\/types\/page"}],"author":[{"embeddable":true,"href":"https:\/\/muench-4-club.de\/index.php?rest_route=\/wp\/v2\/users\/1"}],"replies":[{"embeddable":true,"href":"https:\/\/muench-4-club.de\/index.php?rest_route=%2Fwp%2Fv2%2Fcomments&post=225"}],"version-history":[{"count":23,"href":"https:\/\/muench-4-club.de\/index.php?rest_route=\/wp\/v2\/pages\/225\/revisions"}],"predecessor-version":[{"id":2285,"href":"https:\/\/muench-4-club.de\/index.php?rest_route=\/wp\/v2\/pages\/225\/revisions\/2285"}],"wp:attachment":[{"href":"https:\/\/muench-4-club.de\/index.php?rest_route=%2Fwp%2Fv2%2Fmedia&parent=225"}],"curies":[{"name":"wp","href":"https:\/\/api.w.org\/{rel}","templated":true}]}}